{"id":7099,"date":"2021-10-17T17:13:15","date_gmt":"2021-10-17T14:13:15","guid":{"rendered":"https:\/\/mletiket.com\/?page_id=7099"},"modified":"2021-10-18T00:19:55","modified_gmt":"2021-10-17T21:19:55","slug":"dokuma-etiket-2","status":"publish","type":"page","link":"https:\/\/mletiket.com\/index.php\/dokuma-etiket-2\/","title":{"rendered":"Dokuma Etiket"},"content":{"rendered":"<p>[vc_row][vc_column][vc_column_text]<\/p>\n<h1 style=\"text-align: center;\">Dokuma Etiket<\/h1>\n<p style=\"text-align: justify;\"><strong>Dokuma Etiket <\/strong>\u00f6zellikle giysilerin t\u00fcketiciye ula\u015ft\u0131r\u0131lmas\u0131 s\u0131ras\u0131nda \u00f6ncelikli olarak&nbsp; bilgi vermesi d\u0131\u015f\u0131nda, \u00fcr\u00fcne kalite katan etiket gruplar\u0131ndad\u0131r. Dokuman\u0131n s\u0131k dokunmas\u0131, boya kalitesi \u00fcretimin kalitesini art\u0131ran \u00f6ncelikli hususlard\u0131r.<\/p>\n<h2>En \u00c7ok Kullan\u0131lan Dokuma Etiket \u00c7e\u015fitleri<\/h2>\n<ul>\n<li>Abiye etiketi<\/li>\n<li>Pantolon etiketi<\/li>\n<li>G\u00f6mlek yaka etiketi<\/li>\n<li>E\u015farp etiketi<\/li>\n<\/ul>\n<p>[\/vc_column_text][\/vc_column][\/vc_row][vc_row][vc_column][vc_masonry_media_grid element_width=&#8221;3&#8243; grid_id=&#8221;vc_gid:1634505534594-885d0e78-e825-9&#8243; include=&#8221;7144,7143,7142,7141,7140,7139,7138,7137,7136,7134,7135,7133,7132,7131,7130,7129,7124,7125,7126,7127,7128,7123,7122,7121,7120,7119,7118,7117,7116,7115,7114,7113,7108,7107,7112,7111,7106,7105,7110,7109,7104,7103,7102&#8243;][\/vc_column][\/vc_row]<\/p>\n","protected":false},"excerpt":{"rendered":"<p>[vc_row][vc_column][vc_column_text] Dokuma Etiket Dokuma Etiket \u00f6zellikle giysilerin t\u00fcketiciye ula\u015ft\u0131r\u0131lmas\u0131 s\u0131ras\u0131nda \u00f6ncelikli olarak&nbsp; bilgi vermesi d\u0131\u015f\u0131nda, \u00fcr\u00fcne kalite katan etiket gruplar\u0131ndad\u0131r. Dokuman\u0131n s\u0131k dokunmas\u0131, boya kalitesi \u00fcretimin kalitesini art\u0131ran \u00f6ncelikli hususlard\u0131r. En \u00c7ok Kullan\u0131lan Dokuma Etiket \u00c7e\u015fitleri Abiye etiketi Pantolon etiketi G\u00f6mlek yaka etiketi E\u015farp etiketi [\/vc_column_text][\/vc_column][\/vc_row][vc_row][vc_column][vc_masonry_media_grid element_width=&#8221;3&#8243; grid_id=&#8221;vc_gid:1634505534594-885d0e78-e825-9&#8243; include=&#8221;7144,7143,7142,7141,7140,7139,7138,7137,7136,7134,7135,7133,7132,7131,7130,7129,7124,7125,7126,7127,7128,7123,7122,7121,7120,7119,7118,7117,7116,7115,7114,7113,7108,7107,7112,7111,7106,7105,7110,7109,7104,7103,7102&#8243;][\/vc_column][\/vc_row]<\/p>\n","protected":false},"author":1,"featured_media":0,"parent":0,"menu_order":0,"comment_status":"closed","ping_status":"closed","template":"","meta":{"ngg_post_thumbnail":0,"footnotes":""},"class_list":["post-7099","page","type-page","status-publish","hentry"],"jetpack-related-posts":[],"jetpack_sharing_enabled":true,"_links":{"self":[{"href":"https:\/\/mletiket.com\/index.php\/wp-json\/wp\/v2\/pages\/7099","targetHints":{"allow":["GET"]}}],"collection":[{"href":"https:\/\/mletiket.com\/index.php\/wp-json\/wp\/v2\/pages"}],"about":[{"href":"https:\/\/mletiket.com\/index.php\/wp-json\/wp\/v2\/types\/page"}],"author":[{"embeddable":true,"href":"https:\/\/mletiket.com\/index.php\/wp-json\/wp\/v2\/users\/1"}],"replies":[{"embeddable":true,"href":"https:\/\/mletiket.com\/index.php\/wp-json\/wp\/v2\/comments?post=7099"}],"version-history":[{"count":17,"href":"https:\/\/mletiket.com\/index.php\/wp-json\/wp\/v2\/pages\/7099\/revisions"}],"predecessor-version":[{"id":7266,"href":"https:\/\/mletiket.com\/index.php\/wp-json\/wp\/v2\/pages\/7099\/revisions\/7266"}],"wp:attachment":[{"href":"https:\/\/mletiket.com\/index.php\/wp-json\/wp\/v2\/media?parent=7099"}],"curies":[{"name":"wp","href":"https:\/\/api.w.org\/{rel}","templated":true}]}}